{"id":438,"date":"2023-02-26T11:52:34","date_gmt":"2023-02-26T11:52:34","guid":{"rendered":"http:\/\/astierjje.com\/?page_id=438"},"modified":"2023-05-24T12:08:07","modified_gmt":"2023-05-24T12:08:07","slug":"lardechois","status":"publish","type":"page","link":"https:\/\/astierjje.com\/?page_id=438","title":{"rendered":"L&#8217;Ard\u00e9chois \u00a9"},"content":{"rendered":"\n<p><\/p>\n\n\n\n<figure class=\"wp-block-image size-large\"><a href=\"https:\/\/astierjje.com\/wp-content\/uploads\/2023\/02\/ard1.jpg\"><img decoding=\"async\" loading=\"lazy\" width=\"1024\" height=\"768\" src=\"https:\/\/astierjje.com\/wp-content\/uploads\/2023\/02\/ard1-1024x768.jpg\" alt=\"\" class=\"wp-image-433\" srcset=\"https:\/\/astierjje.com\/wp-content\/uploads\/2023\/02\/ard1-1024x768.jpg 1024w, https:\/\/astierjje.com\/wp-content\/uploads\/2023\/02\/ard1-300x225.jpg 300w, https:\/\/astierjje.com\/wp-content\/uploads\/2023\/02\/ard1-768x576.jpg 768w, https:\/\/astierjje.com\/wp-content\/uploads\/2023\/02\/ard1.jpg 1037w\" sizes=\"(max-width: 767px) 89vw, (max-width: 1000px) 54vw, (max-width: 1071px) 543px, 580px\" \/><\/a><\/figure>\n\n\n\n<p><\/p>\n\n\n\n<p class=\"has-medium-font-size\">L&#8217;ard\u00e9chois chainette 470 \u20ac damas explosion loupe de bruy\u00e8re et toutes autres essences.<\/p>\n\n\n\n<p class=\"has-text-align-center\">*****************************************************<\/p>\n\n\n\n<p class=\"has-medium-font-size\"><\/p>\n\n\n\n<figure class=\"wp-block-image size-large\"><a href=\"https:\/\/astierjje.com\/wp-content\/uploads\/2023\/05\/Ardec1.jpg\"><img decoding=\"async\" loading=\"lazy\" width=\"1024\" height=\"768\" src=\"https:\/\/astierjje.com\/wp-content\/uploads\/2023\/05\/Ardec1-1024x768.jpg\" alt=\"\" class=\"wp-image-586\" srcset=\"https:\/\/astierjje.com\/wp-content\/uploads\/2023\/05\/Ardec1-1024x768.jpg 1024w, https:\/\/astierjje.com\/wp-content\/uploads\/2023\/05\/Ardec1-300x225.jpg 300w, https:\/\/astierjje.com\/wp-content\/uploads\/2023\/05\/Ardec1-768x576.jpg 768w, https:\/\/astierjje.com\/wp-content\/uploads\/2023\/05\/Ardec1-1536x1152.jpg 1536w, https:\/\/astierjje.com\/wp-content\/uploads\/2023\/05\/Ardec1.jpg 2000w\" sizes=\"(max-width: 767px) 89vw, (max-width: 1000px) 54vw, (max-width: 1071px) 543px, 580px\" \/><\/a><\/figure>\n\n\n\n<p><\/p>\n\n\n\n<p class=\"has-medium-font-size\">L&#8217;ard\u00e9chois cran forc\u00e9 industriel 120 \u20ac lames inox 12c27 manche ch\u00e2taignier, ch\u00eane, fr\u00eane, olivier, buis, if, cade gen\u00e9vrier, noyer &#8230;<\/p>\n\n\n\n<p class=\"has-text-align-center\">*****************************************************<\/p>\n\n\n\n<p><\/p>\n\n\n\n<figure class=\"wp-block-image size-large\"><a href=\"https:\/\/astierjje.com\/wp-content\/uploads\/2023\/02\/ard3.jpg\"><img decoding=\"async\" loading=\"lazy\" width=\"1024\" height=\"768\" src=\"https:\/\/astierjje.com\/wp-content\/uploads\/2023\/02\/ard3-1024x768.jpg\" alt=\"\" class=\"wp-image-435\" srcset=\"https:\/\/astierjje.com\/wp-content\/uploads\/2023\/02\/ard3-1024x768.jpg 1024w, https:\/\/astierjje.com\/wp-content\/uploads\/2023\/02\/ard3-300x225.jpg 300w, https:\/\/astierjje.com\/wp-content\/uploads\/2023\/02\/ard3-768x576.jpg 768w, https:\/\/astierjje.com\/wp-content\/uploads\/2023\/02\/ard3.jpg 1037w\" sizes=\"(max-width: 767px) 89vw, (max-width: 1000px) 54vw, (max-width: 1071px) 543px, 580px\" \/><\/a><\/figure>\n\n\n\n<p><\/p>\n\n\n\n<p class=\"has-medium-font-size\">L&#8217;ard\u00e9chois cha\u00eenette semi industriel 130 \u20ac lame inox 12c27 manche cocobolo ou buis, gen\u00e9vrier, olivier, noyer etc &#8230;<\/p>\n\n\n\n<p class=\"has-text-align-center\">*****************************************************<\/p>\n\n\n\n<p><\/p>\n\n\n\n<p class=\"has-medium-font-size\"><\/p>\n\n\n\n<figure class=\"wp-block-image size-large\"><a href=\"https:\/\/astierjje.com\/wp-content\/uploads\/2023\/02\/ard5.jpg\"><img decoding=\"async\" loading=\"lazy\" width=\"1024\" height=\"768\" src=\"https:\/\/astierjje.com\/wp-content\/uploads\/2023\/02\/ard5-1024x768.jpg\" alt=\"\" class=\"wp-image-437\" srcset=\"https:\/\/astierjje.com\/wp-content\/uploads\/2023\/02\/ard5-1024x768.jpg 1024w, https:\/\/astierjje.com\/wp-content\/uploads\/2023\/02\/ard5-300x225.jpg 300w, https:\/\/astierjje.com\/wp-content\/uploads\/2023\/02\/ard5-768x576.jpg 768w, https:\/\/astierjje.com\/wp-content\/uploads\/2023\/02\/ard5.jpg 1037w\" sizes=\"(max-width: 767px) 89vw, (max-width: 1000px) 54vw, (max-width: 1071px) 543px, 580px\" \/><\/a><\/figure>\n\n\n\n<figure class=\"wp-block-image size-large\"><a href=\"https:\/\/astierjje.com\/wp-content\/uploads\/2023\/02\/ard4.jpg\"><img decoding=\"async\" loading=\"lazy\" width=\"1024\" height=\"768\" src=\"https:\/\/astierjje.com\/wp-content\/uploads\/2023\/02\/ard4-1024x768.jpg\" alt=\"\" class=\"wp-image-436\" srcset=\"https:\/\/astierjje.com\/wp-content\/uploads\/2023\/02\/ard4-1024x768.jpg 1024w, https:\/\/astierjje.com\/wp-content\/uploads\/2023\/02\/ard4-300x225.jpg 300w, https:\/\/astierjje.com\/wp-content\/uploads\/2023\/02\/ard4-768x576.jpg 768w, https:\/\/astierjje.com\/wp-content\/uploads\/2023\/02\/ard4.jpg 1037w\" sizes=\"(max-width: 767px) 89vw, (max-width: 1000px) 54vw, (max-width: 1071px) 543px, 580px\" \/><\/a><\/figure>\n\n\n\n<p><\/p>\n\n\n\n<p class=\"has-medium-font-size\">L&#8217;ard\u00e9chois cran forc\u00e9 lame damas bois au choix \u00e0 partir de 480 \u20ac guillochage etc&#8230;<\/p>\n\n\n\n<p class=\"has-text-align-center has-small-font-size\">*****************************************************<\/p>\n\n\n\n<p class=\"has-medium-font-size\">Pour savoir comment est fabriqu\u00e9 ce couteau, rendez vous \u00e0 la rubrique &#8220;Vid\u00e9os&#8221;.<\/p>\n\n\n\n<p class=\"has-medium-font-size\">Tarifs 2023 en euros TTC&nbsp;<\/p>\n\n\n\n<p><\/p>\n\n\n\n<p class=\"has-text-align-center\"><a href=\"http:\/\/www.astierjje.com\" data-type=\"URL\" data-id=\"www.astierjje.com\"><strong>Retour Accueil<\/strong><\/a><\/p>\n","protected":false},"excerpt":{"rendered":"<p>L&#8217;ard\u00e9chois chainette 470 \u20ac damas explosion loupe de bruy\u00e8re et toutes autres essences. ***************************************************** L&#8217;ard\u00e9chois cran forc\u00e9 industriel 120 \u20ac lames inox 12c27 manche ch\u00e2taignier, ch\u00eane, fr\u00eane, olivier, buis, if, cade gen\u00e9vrier, noyer &#8230; ***************************************************** L&#8217;ard\u00e9chois cha\u00eenette semi industriel 130 \u20ac lame inox 12c27 manche cocobolo ou buis, gen\u00e9vrier, olivier, noyer etc &#8230; ***************************************************** L&#8217;ard\u00e9chois &hellip; <\/p>\n<p class=\"link-more\"><a href=\"https:\/\/astierjje.com\/?page_id=438\" class=\"more-link\">Continuer la lecture<span class=\"screen-reader-text\"> de &laquo;&nbsp;L&#8217;Ard\u00e9chois \u00a9&nbsp;&raquo;<\/span><\/a><\/p>\n","protected":false},"author":2,"featured_media":0,"parent":0,"menu_order":0,"comment_status":"closed","ping_status":"closed","template":"","meta":{"footnotes":""},"_links":{"self":[{"href":"https:\/\/astierjje.com\/index.php?rest_route=\/wp\/v2\/pages\/438"}],"collection":[{"href":"https:\/\/astierjje.com\/index.php?rest_route=\/wp\/v2\/pages"}],"about":[{"href":"https:\/\/astierjje.com\/index.php?rest_route=\/wp\/v2\/types\/page"}],"author":[{"embeddable":true,"href":"https:\/\/astierjje.com\/index.php?rest_route=\/wp\/v2\/users\/2"}],"replies":[{"embeddable":true,"href":"https:\/\/astierjje.com\/index.php?rest_route=%2Fwp%2Fv2%2Fcomments&post=438"}],"version-history":[{"count":21,"href":"https:\/\/astierjje.com\/index.php?rest_route=\/wp\/v2\/pages\/438\/revisions"}],"predecessor-version":[{"id":597,"href":"https:\/\/astierjje.com\/index.php?rest_route=\/wp\/v2\/pages\/438\/revisions\/597"}],"wp:attachment":[{"href":"https:\/\/astierjje.com\/index.php?rest_route=%2Fwp%2Fv2%2Fmedia&parent=438"}],"curies":[{"name":"wp","href":"https:\/\/api.w.org\/{rel}","templated":true}]}}